{"version":"1.0","provider_name":"Cs\u00edkszeredai Megyei S\u00fcrg\u0151ss\u00e9gi K\u00f3rh\u00e1z","provider_url":"https:\/\/spitalmciuc.ro\/hu\/","author_name":"Milik Szil\u00e1rd","author_url":"https:\/\/spitalmciuc.ro\/hu\/author\/szilard\/","title":"Sz\u00fcl\u00e9szeti konferencia a biztons\u00e1gosabb sz\u00fcl\u00e9s\u00e9rt, sz\u00fclet\u00e9s\u00e9rt - Cs\u00edkszeredai Megyei S\u00fcrg\u0151ss\u00e9gi K\u00f3rh\u00e1z","type":"rich","width":600,"height":338,"html":"<blockquote class=\"wp-embedded-content\" data-secret=\"3uF2v2Gkg6\"><a href=\"https:\/\/spitalmciuc.ro\/hu\/szueleszeti-konferencia-a-biztonsagosabb-szuelesert-szueletesert\/\">Sz\u00fcl\u00e9szeti konferencia a biztons\u00e1gosabb sz\u00fcl\u00e9s\u00e9rt, sz\u00fclet\u00e9s\u00e9rt<\/a><\/blockquote><iframe sandbox=\"allow-scripts\" security=\"restricted\" src=\"https:\/\/spitalmciuc.ro\/hu\/szueleszeti-konferencia-a-biztonsagosabb-szuelesert-szueletesert\/embed\/#?secret=3uF2v2Gkg6\" width=\"600\" height=\"338\" title=\"&#8220;Sz\u00fcl\u00e9szeti konferencia a biztons\u00e1gosabb sz\u00fcl\u00e9s\u00e9rt, sz\u00fclet\u00e9s\u00e9rt&#8221; &#8212; Cs\u00edkszeredai Megyei S\u00fcrg\u0151ss\u00e9gi K\u00f3rh\u00e1z\" data-secret=\"3uF2v2Gkg6\" frameborder=\"0\" marginwidth=\"0\" marginheight=\"0\" scrolling=\"no\" class=\"wp-embedded-content\"><\/iframe><script type=\"text\/javascript\">\n\/*! This file is auto-generated *\/\n!function(c,l){\"use strict\";var e=!1,o=!1;if(l.querySelector)if(c.addEventListener)e=!0;if(c.wp=c.wp||{},c.wp.receiveEmbedMessage);else if(c.wp.receiveEmbedMessage=function(e){var t=e.data;if(!t);else if(!(t.secret||t.message||t.value));else if(\/[^a-zA-Z0-9]\/.test(t.secret));else{for(var r,s,a,i=l.querySelectorAll('iframe[data-secret=\"'+t.secret+'\"]'),n=l.querySelectorAll('blockquote[data-secret=\"'+t.secret+'\"]'),o=0;o<n.length;o++)n[o].style.display=\"none\";for(o=0;o<i.length;o++)if(r=i[o],e.source!==r.contentWindow);else{if(r.removeAttribute(\"style\"),\"height\"===t.message){if(1e3<(s=parseInt(t.value,10)))s=1e3;else if(~~s<200)s=200;r.height=s}if(\"link\"===t.message)if(s=l.createElement(\"a\"),a=l.createElement(\"a\"),s.href=r.getAttribute(\"src\"),a.href=t.value,a.host===s.host)if(l.activeElement===r)c.top.location.href=t.value}}},e)c.addEventListener(\"message\",c.wp.receiveEmbedMessage,!1),l.addEventListener(\"DOMContentLoaded\",t,!1),c.addEventListener(\"load\",t,!1);function t(){if(o);else{o=!0;for(var e,t,r,s=-1!==navigator.appVersion.indexOf(\"MSIE 10\"),a=!!navigator.userAgent.match(\/Trident.*rv:11\\.\/),i=l.querySelectorAll(\"iframe.wp-embedded-content\"),n=0;n<i.length;n++){if(!(r=(t=i[n]).getAttribute(\"data-secret\")))r=Math.random().toString(36).substr(2,10),t.src+=\"#?secret=\"+r,t.setAttribute(\"data-secret\",r);if(s||a)(e=t.cloneNode(!0)).removeAttribute(\"security\"),t.parentNode.replaceChild(e,t);t.contentWindow.postMessage({message:\"ready\",secret:r},\"*\")}}}}(window,document);\n<\/script>\n","description":"Csal\u00e1dorvosok, sz\u00fcl\u00e9sz-n\u0151gy\u00f3gy\u00e1sz szakorvosok, eg\u00e9szs\u00e9g\u00fcgyi asszisztensek, sz\u00fcl\u00e9szn\u0151k sz\u00e1m\u00e1ra szervez sz\u00fcl\u00e9szeti konferenci\u00e1t augusztus 29-31 k\u00f6z\u00f6tt Cs\u00edkszered\u00e1ban a Cs\u00edkszeredai Megyei S\u00fcrg\u0151ss\u00e9gi K\u00f3rh\u00e1z, a magyarorsz\u00e1gi Magyar Sz\u00fcl\u00e9szn\u0151k Egyes\u00fclete \u00e9s a Mindent a N\u0151k\u00e9rt Alap\u00edtv\u00e1ny, partners\u00e9gben Hargita Megye Tan\u00e1cs\u00e1val, a Hargita Megyei Orvosi Koll\u00e9giummal \u00e9s a Rom\u00e1niai \u00c1ltal\u00e1nos Orvosi Asszisztensek, Sz\u00fcl\u00e9szn\u0151k \u00e9s Orvosi Asszisztensek Rendje megyei szervezet\u00e9vel. A Jakab Antal&hellip;"}

Csíkszeredai Megyei Sürgősségi Kórház

Milik Szilárd

Szülészeti konferencia a biztonságosabb szülésért, születésért - Csíkszeredai Megyei Sürgősségi Kórház

<blockquote class="wp-embedded-content" data-secret="3uF2v2Gkg6"><a href="https://spitalmciuc.ro/hu/szueleszeti-konferencia-a-biztonsagosabb-szuelesert-szueletesert/">Szülészeti konferencia a biztonságosabb szülésért, születésért</a></blockquote><iframe sandbox="allow-scripts" security="restricted" src="https://spitalmciuc.ro/hu/szueleszeti-konferencia-a-biztonsagosabb-szuelesert-szueletesert/embed/#?secret=3uF2v2Gkg6" width="600" height="338" title="&#8220;Szülészeti konferencia a biztonságosabb szülésért, születésért&#8221; &#8212; Csíkszeredai Megyei Sürgősségi Kórház" data-secret="3uF2v2Gkg6" frameborder="0" marginwidth="0" marginheight="0" scrolling="no" class="wp-embedded-content"></iframe><script type="text/javascript">
/*! This file is auto-generated */
!function(c,l){"use strict";var e=!1,o=!1;if(l.querySelector)if(c.addEventListener)e=!0;if(c.wp=c.wp||{},c.wp.receiveEmbedMessage);else if(c.wp.receiveEmbedMessage=function(e){var t=e.data;if(!t);else if(!(t.secret||t.message||t.value));else if(/[^a-zA-Z0-9]/.test(t.secret));else{for(var r,s,a,i=l.querySelectorAll('iframe[data-secret="'+t.secret+'"]'),n=l.querySelectorAll('blockquote[data-secret="'+t.secret+'"]'),o=0;o<n.length;o++)n[o].style.display="none";for(o=0;o<i.length;o++)if(r=i[o],e.source!==r.contentWindow);else{if(r.removeAttribute("style"),"height"===t.message){if(1e3<(s=parseInt(t.value,10)))s=1e3;else if(~~s<200)s=200;r.height=s}if("link"===t.message)if(s=l.createElement("a"),a=l.createElement("a"),s.href=r.getAttribute("src"),a.href=t.value,a.host===s.host)if(l.activeElement===r)c.top.location.href=t.value}}},e)c.addEventListener("message",c.wp.receiveEmbedMessage,!1),l.addEventListener("DOMContentLoaded",t,!1),c.addEventListener("load",t,!1);function t(){if(o);else{o=!0;for(var e,t,r,s=-1!==navigator.appVersion.indexOf("MSIE 10"),a=!!navigator.userAgent.match(/Trident.*rv:11\./),i=l.querySelectorAll("iframe.wp-embedded-content"),n=0;n<i.length;n++){if(!(r=(t=i[n]).getAttribute("data-secret")))r=Math.random().toString(36).substr(2,10),t.src+="#?secret="+r,t.setAttribute("data-secret",r);if(s||a)(e=t.cloneNode(!0)).removeAttribute("security"),t.parentNode.replaceChild(e,t);t.contentWindow.postMessage({message:"ready",secret:r},"*")}}}}(window,document);
</script>

Családorvosok, szülész-nőgyógyász szakorvosok, egészségügyi asszisztensek, szülésznők számára szervez szülészeti konferenciát augusztus 29-31 között Csíkszeredában a Csíkszeredai Megyei Sürgősségi Kórház, a magyarországi Magyar Szülésznők Egyesülete és a Mindent a Nőkért Alapítvány, partnerségben Hargita Megye Tanácsával, a Hargita Megyei Orvosi Kollégiummal és a Romániai Általános Orvosi Asszisztensek, Szülésznők és Orvosi Asszisztensek Rendje megyei szervezetével. A Jakab Antal&hellip;
