{"version":"1.0","provider_name":"Cs\u00edkszeredai Megyei S\u00fcrg\u0151ss\u00e9gi K\u00f3rh\u00e1z","provider_url":"https:\/\/spitalmciuc.ro\/hu\/","author_name":"Milik Szil\u00e1rd","author_url":"https:\/\/spitalmciuc.ro\/hu\/author\/szilard\/","title":"Nagyobb figyelem a betegek biztons\u00e1g\u00e1ra - Cs\u00edkszeredai Megyei S\u00fcrg\u0151ss\u00e9gi K\u00f3rh\u00e1z","type":"rich","width":600,"height":338,"html":"<blockquote class=\"wp-embedded-content\" data-secret=\"SpmPWvLQZS\"><a href=\"https:\/\/spitalmciuc.ro\/hu\/nagyobb-figyelem-a-betegek-biztonsagara\/\">Nagyobb figyelem a betegek biztons\u00e1g\u00e1ra<\/a><\/blockquote><iframe sandbox=\"allow-scripts\" security=\"restricted\" src=\"https:\/\/spitalmciuc.ro\/hu\/nagyobb-figyelem-a-betegek-biztonsagara\/embed\/#?secret=SpmPWvLQZS\" width=\"600\" height=\"338\" title=\"&#8220;Nagyobb figyelem a betegek biztons\u00e1g\u00e1ra&#8221; &#8212; Cs\u00edkszeredai Megyei S\u00fcrg\u0151ss\u00e9gi K\u00f3rh\u00e1z\" data-secret=\"SpmPWvLQZS\" frameborder=\"0\" marginwidth=\"0\" marginheight=\"0\" scrolling=\"no\" class=\"wp-embedded-content\"><\/iframe><script type=\"text\/javascript\">\n\/*! This file is auto-generated *\/\n!function(c,l){\"use strict\";var e=!1,o=!1;if(l.querySelector)if(c.addEventListener)e=!0;if(c.wp=c.wp||{},c.wp.receiveEmbedMessage);else if(c.wp.receiveEmbedMessage=function(e){var t=e.data;if(!t);else if(!(t.secret||t.message||t.value));else if(\/[^a-zA-Z0-9]\/.test(t.secret));else{for(var r,s,a,i=l.querySelectorAll('iframe[data-secret=\"'+t.secret+'\"]'),n=l.querySelectorAll('blockquote[data-secret=\"'+t.secret+'\"]'),o=0;o<n.length;o++)n[o].style.display=\"none\";for(o=0;o<i.length;o++)if(r=i[o],e.source!==r.contentWindow);else{if(r.removeAttribute(\"style\"),\"height\"===t.message){if(1e3<(s=parseInt(t.value,10)))s=1e3;else if(~~s<200)s=200;r.height=s}if(\"link\"===t.message)if(s=l.createElement(\"a\"),a=l.createElement(\"a\"),s.href=r.getAttribute(\"src\"),a.href=t.value,a.host===s.host)if(l.activeElement===r)c.top.location.href=t.value}}},e)c.addEventListener(\"message\",c.wp.receiveEmbedMessage,!1),l.addEventListener(\"DOMContentLoaded\",t,!1),c.addEventListener(\"load\",t,!1);function t(){if(o);else{o=!0;for(var e,t,r,s=-1!==navigator.appVersion.indexOf(\"MSIE 10\"),a=!!navigator.userAgent.match(\/Trident.*rv:11\\.\/),i=l.querySelectorAll(\"iframe.wp-embedded-content\"),n=0;n<i.length;n++){if(!(r=(t=i[n]).getAttribute(\"data-secret\")))r=Math.random().toString(36).substr(2,10),t.src+=\"#?secret=\"+r,t.setAttribute(\"data-secret\",r);if(s||a)(e=t.cloneNode(!0)).removeAttribute(\"security\"),t.parentNode.replaceChild(e,t);t.contentWindow.postMessage({message:\"ready\",secret:r},\"*\")}}}}(window,document);\n<\/script>\n","thumbnail_url":"https:\/\/spitalmciuc.ro\/wp-content\/uploads\/2019\/09\/logo-3.png","thumbnail_width":479,"thumbnail_height":197,"description":"Id\u00e9n els\u0151 alkalommal hirdette meg az Eg\u00e9szs\u00e9g\u00fcgyi Vil\u00e1gszervezet (WHO) a Betegbiztons\u00e1g Vil\u00e1gnapj\u00e1t szeptember 17-re.&nbsp; Rom\u00e1ni\u00e1ban az Eg\u00e9szs\u00e9g\u00fcgyi Min\u0151s\u00e9gmenedzsment Orsz\u00e1gos Hat\u00f3s\u00e1ga a Betegbiztons\u00e1g Het\u00e9nek nyilv\u00e1n\u00edtotta a szeptember 16-20 k\u00f6z\u00f6tti id\u0151szakot \u00e9s k\u00f3rh\u00e1zakban, eg\u00e9szs\u00e9g\u00fcgyi int\u00e9zm\u00e9nyekben igyekeznek felh\u00edvni a figyelmet a betegek biztons\u00e1g\u00e1nak fontoss\u00e1g\u00e1ra, az erre vonatkoz\u00f3 el\u0151\u00edr\u00e1sok betart\u00e1s\u00e1ra. A figyelemfelkelt\u0151 akci\u00f3k r\u00e9szek\u00e9nt orsz\u00e1gszerte t\u00f6bb k\u00f6z\u00e9p\u00fcletet is narancss\u00e1rga&hellip;"}

Csíkszeredai Megyei Sürgősségi Kórház

Milik Szilárd

Nagyobb figyelem a betegek biztonságára - Csíkszeredai Megyei Sürgősségi Kórház

<blockquote class="wp-embedded-content" data-secret="SpmPWvLQZS"><a href="https://spitalmciuc.ro/hu/nagyobb-figyelem-a-betegek-biztonsagara/">Nagyobb figyelem a betegek biztonságára</a></blockquote><iframe sandbox="allow-scripts" security="restricted" src="https://spitalmciuc.ro/hu/nagyobb-figyelem-a-betegek-biztonsagara/embed/#?secret=SpmPWvLQZS" width="600" height="338" title="&#8220;Nagyobb figyelem a betegek biztonságára&#8221; &#8212; Csíkszeredai Megyei Sürgősségi Kórház" data-secret="SpmPWvLQZS" frameborder="0" marginwidth="0" marginheight="0" scrolling="no" class="wp-embedded-content"></iframe><script type="text/javascript">
/*! This file is auto-generated */
!function(c,l){"use strict";var e=!1,o=!1;if(l.querySelector)if(c.addEventListener)e=!0;if(c.wp=c.wp||{},c.wp.receiveEmbedMessage);else if(c.wp.receiveEmbedMessage=function(e){var t=e.data;if(!t);else if(!(t.secret||t.message||t.value));else if(/[^a-zA-Z0-9]/.test(t.secret));else{for(var r,s,a,i=l.querySelectorAll('iframe[data-secret="'+t.secret+'"]'),n=l.querySelectorAll('blockquote[data-secret="'+t.secret+'"]'),o=0;o<n.length;o++)n[o].style.display="none";for(o=0;o<i.length;o++)if(r=i[o],e.source!==r.contentWindow);else{if(r.removeAttribute("style"),"height"===t.message){if(1e3<(s=parseInt(t.value,10)))s=1e3;else if(~~s<200)s=200;r.height=s}if("link"===t.message)if(s=l.createElement("a"),a=l.createElement("a"),s.href=r.getAttribute("src"),a.href=t.value,a.host===s.host)if(l.activeElement===r)c.top.location.href=t.value}}},e)c.addEventListener("message",c.wp.receiveEmbedMessage,!1),l.addEventListener("DOMContentLoaded",t,!1),c.addEventListener("load",t,!1);function t(){if(o);else{o=!0;for(var e,t,r,s=-1!==navigator.appVersion.indexOf("MSIE 10"),a=!!navigator.userAgent.match(/Trident.*rv:11\./),i=l.querySelectorAll("iframe.wp-embedded-content"),n=0;n<i.length;n++){if(!(r=(t=i[n]).getAttribute("data-secret")))r=Math.random().toString(36).substr(2,10),t.src+="#?secret="+r,t.setAttribute("data-secret",r);if(s||a)(e=t.cloneNode(!0)).removeAttribute("security"),t.parentNode.replaceChild(e,t);t.contentWindow.postMessage({message:"ready",secret:r},"*")}}}}(window,document);
</script>

Idén első alkalommal hirdette meg az Egészségügyi Világszervezet (WHO) a Betegbiztonság Világnapját szeptember 17-re.&nbsp; Romániában az Egészségügyi Minőségmenedzsment Országos Hatósága a Betegbiztonság Hetének nyilvánította a szeptember 16-20 közötti időszakot és kórházakban, egészségügyi intézményekben igyekeznek felhívni a figyelmet a betegek biztonságának fontosságára, az erre vonatkozó előírások betartására. A figyelemfelkeltő akciók részeként országszerte több középületet is narancssárga&hellip;
