{"version":"1.0","provider_name":"Cs\u00edkszeredai Megyei S\u00fcrg\u0151ss\u00e9gi K\u00f3rh\u00e1z","provider_url":"https:\/\/spitalmciuc.ro\/hu\/","author_name":"Milik Szil\u00e1rd","author_url":"https:\/\/spitalmciuc.ro\/hu\/author\/szilard\/","title":"Hargita megy\u00e9ben dr. Nelu T\u0103taru - Cs\u00edkszeredai Megyei S\u00fcrg\u0151ss\u00e9gi K\u00f3rh\u00e1z","type":"rich","width":600,"height":338,"html":"<blockquote class=\"wp-embedded-content\" data-secret=\"1Uw0CnQdvE\"><a href=\"https:\/\/spitalmciuc.ro\/hu\/hargita-megyeben-dr-nelu-tataru\/\">Hargita megy\u00e9ben dr. Nelu T\u0103taru<\/a><\/blockquote><iframe sandbox=\"allow-scripts\" security=\"restricted\" src=\"https:\/\/spitalmciuc.ro\/hu\/hargita-megyeben-dr-nelu-tataru\/embed\/#?secret=1Uw0CnQdvE\" width=\"600\" height=\"338\" title=\"&#8220;Hargita megy\u00e9ben dr. Nelu T\u0103taru&#8221; &#8212; Cs\u00edkszeredai Megyei S\u00fcrg\u0151ss\u00e9gi K\u00f3rh\u00e1z\" data-secret=\"1Uw0CnQdvE\" frameborder=\"0\" marginwidth=\"0\" marginheight=\"0\" scrolling=\"no\" class=\"wp-embedded-content\"><\/iframe><script type=\"text\/javascript\">\n\/*! This file is auto-generated *\/\n!function(c,l){\"use strict\";var e=!1,o=!1;if(l.querySelector)if(c.addEventListener)e=!0;if(c.wp=c.wp||{},c.wp.receiveEmbedMessage);else if(c.wp.receiveEmbedMessage=function(e){var t=e.data;if(!t);else if(!(t.secret||t.message||t.value));else if(\/[^a-zA-Z0-9]\/.test(t.secret));else{for(var r,s,a,i=l.querySelectorAll('iframe[data-secret=\"'+t.secret+'\"]'),n=l.querySelectorAll('blockquote[data-secret=\"'+t.secret+'\"]'),o=0;o<n.length;o++)n[o].style.display=\"none\";for(o=0;o<i.length;o++)if(r=i[o],e.source!==r.contentWindow);else{if(r.removeAttribute(\"style\"),\"height\"===t.message){if(1e3<(s=parseInt(t.value,10)))s=1e3;else if(~~s<200)s=200;r.height=s}if(\"link\"===t.message)if(s=l.createElement(\"a\"),a=l.createElement(\"a\"),s.href=r.getAttribute(\"src\"),a.href=t.value,a.host===s.host)if(l.activeElement===r)c.top.location.href=t.value}}},e)c.addEventListener(\"message\",c.wp.receiveEmbedMessage,!1),l.addEventListener(\"DOMContentLoaded\",t,!1),c.addEventListener(\"load\",t,!1);function t(){if(o);else{o=!0;for(var e,t,r,s=-1!==navigator.appVersion.indexOf(\"MSIE 10\"),a=!!navigator.userAgent.match(\/Trident.*rv:11\\.\/),i=l.querySelectorAll(\"iframe.wp-embedded-content\"),n=0;n<i.length;n++){if(!(r=(t=i[n]).getAttribute(\"data-secret\")))r=Math.random().toString(36).substr(2,10),t.src+=\"#?secret=\"+r,t.setAttribute(\"data-secret\",r);if(s||a)(e=t.cloneNode(!0)).removeAttribute(\"security\"),t.parentNode.replaceChild(e,t);t.contentWindow.postMessage({message:\"ready\",secret:r},\"*\")}}}}(window,document);\n<\/script>\n","thumbnail_url":"https:\/\/spitalmciuc.ro\/wp-content\/uploads\/2020\/08\/tataru.jpeg","thumbnail_width":1600,"thumbnail_height":1200,"description":"&nbsp; Ismertett\u00e9k a miniszternek a fejleszt\u00e9si terveket Hargita megy\u00e9be l\u00e1togatott dr. Nelu T\u0103taru eg\u00e9szs\u00e9g\u00fcgyi miniszter p\u00e9nteken, augusztus 28-\u00e1n. A t\u00e1rcavezet\u0151 t\u00e1j\u00e9koz\u00f3dott az eg\u00e9szs\u00e9g\u00fcgyi int\u00e9zm\u00e9nyek helyzet\u00e9r\u0151l, a megye \u00e9s ezen int\u00e9zm\u00e9nyek vezet\u0151i pedig ismertett\u00e9k sz\u00e1m\u00e1ra az eg\u00e9szs\u00e9g\u00fcgyi ell\u00e1t\u00e1s fejleszt\u00e9se \u00e9rdek\u00e9ben elkezdett, illetve tervezett beruh\u00e1z\u00e1sokat.&nbsp; Az eg\u00e9szs\u00e9g\u00fcgyi miniszter Hargita Megye Tan\u00e1csa \u00e9s az RMDSZ megh\u00edv\u00e1s\u00e1ra \u00e9rkezett a megy\u00e9be, \u00fatj\u00e1ra elk\u00eds\u00e9rte dr. L\u00e1szl\u00f3 Attila, RMDSz-es szen\u00e1tor, a szen\u00e1tus eg\u00e9szs\u00e9g\u00fcgyi szakbizotts\u00e1g\u00e1nak eln\u00f6ke. Els\u0151k\u00e9nt megl\u00e1togatta Cs\u00edkszentm\u00e1rtonban a Cs\u00edkszeredai Megyei S\u00fcrg\u0151ss\u00e9gi K\u00f3rh\u00e1z ott m\u0171k\u00f6d\u0151 kihelyezett rendel\u0151it, a korai fejleszt\u0151 k\u00f6zpontot, ahol ismertett\u00e9k sz\u00e1m\u00e1ra a k\u00f6zpont fel\u00faj\u00edt\u00e1s\u00e1ra \u00e9s moderniz\u00e1l\u00e1s\u00e1ra \u00f6ssze\u00e1ll\u00edtott terveket, majd a cs\u00edkszeredai megyeh\u00e1z\u00e1n egyeztetett a megyei el\u00f6lj\u00e1r\u00f3kkal.&nbsp;  A besz\u00e9lget\u00e9sen \u00f6sszegezt\u00e9k a t\u00e1rcavezet\u0151 sz\u00e1m\u00e1ra az eg\u00e9szs\u00e9g\u00fcgyi fejleszt\u00e9sek terveit \u00e9s a 2-es kateg\u00f3ri\u00e1ba val\u00f3 besorol\u00e1s el\u0151nyeit. Mint ismeretes, a k\u00f3rh\u00e1z j\u00falius v\u00e9g\u00e9n letette az ehhez sz\u00fcks\u00e9ges ig\u00e9nyl\u00e9st.&nbsp;"}

Csíkszeredai Megyei Sürgősségi Kórház

Milik Szilárd

Hargita megyében dr. Nelu Tătaru - Csíkszeredai Megyei Sürgősségi Kórház

<blockquote class="wp-embedded-content" data-secret="1Uw0CnQdvE"><a href="https://spitalmciuc.ro/hu/hargita-megyeben-dr-nelu-tataru/">Hargita megyében dr. Nelu Tătaru</a></blockquote><iframe sandbox="allow-scripts" security="restricted" src="https://spitalmciuc.ro/hu/hargita-megyeben-dr-nelu-tataru/embed/#?secret=1Uw0CnQdvE" width="600" height="338" title="&#8220;Hargita megyében dr. Nelu Tătaru&#8221; &#8212; Csíkszeredai Megyei Sürgősségi Kórház" data-secret="1Uw0CnQdvE" frameborder="0" marginwidth="0" marginheight="0" scrolling="no" class="wp-embedded-content"></iframe><script type="text/javascript">
/*! This file is auto-generated */
!function(c,l){"use strict";var e=!1,o=!1;if(l.querySelector)if(c.addEventListener)e=!0;if(c.wp=c.wp||{},c.wp.receiveEmbedMessage);else if(c.wp.receiveEmbedMessage=function(e){var t=e.data;if(!t);else if(!(t.secret||t.message||t.value));else if(/[^a-zA-Z0-9]/.test(t.secret));else{for(var r,s,a,i=l.querySelectorAll('iframe[data-secret="'+t.secret+'"]'),n=l.querySelectorAll('blockquote[data-secret="'+t.secret+'"]'),o=0;o<n.length;o++)n[o].style.display="none";for(o=0;o<i.length;o++)if(r=i[o],e.source!==r.contentWindow);else{if(r.removeAttribute("style"),"height"===t.message){if(1e3<(s=parseInt(t.value,10)))s=1e3;else if(~~s<200)s=200;r.height=s}if("link"===t.message)if(s=l.createElement("a"),a=l.createElement("a"),s.href=r.getAttribute("src"),a.href=t.value,a.host===s.host)if(l.activeElement===r)c.top.location.href=t.value}}},e)c.addEventListener("message",c.wp.receiveEmbedMessage,!1),l.addEventListener("DOMContentLoaded",t,!1),c.addEventListener("load",t,!1);function t(){if(o);else{o=!0;for(var e,t,r,s=-1!==navigator.appVersion.indexOf("MSIE 10"),a=!!navigator.userAgent.match(/Trident.*rv:11\./),i=l.querySelectorAll("iframe.wp-embedded-content"),n=0;n<i.length;n++){if(!(r=(t=i[n]).getAttribute("data-secret")))r=Math.random().toString(36).substr(2,10),t.src+="#?secret="+r,t.setAttribute("data-secret",r);if(s||a)(e=t.cloneNode(!0)).removeAttribute("security"),t.parentNode.replaceChild(e,t);t.contentWindow.postMessage({message:"ready",secret:r},"*")}}}}(window,document);
</script>

&nbsp; Ismertették a miniszternek a fejlesztési terveket Hargita megyébe látogatott dr. Nelu Tătaru egészségügyi miniszter pénteken, augusztus 28-án. A tárcavezető tájékozódott az egészségügyi intézmények helyzetéről, a megye és ezen intézmények vezetői pedig ismertették számára az egészségügyi ellátás fejlesztése érdekében elkezdett, illetve tervezett beruházásokat.&nbsp; Az egészségügyi miniszter Hargita Megye Tanácsa és az RMDSZ meghívására érkezett a megyébe, útjára elkísérte dr. László Attila, RMDSz-es szenátor, a szenátus egészségügyi szakbizottságának elnöke. Elsőként meglátogatta Csíkszentmártonban a Csíkszeredai Megyei Sürgősségi Kórház ott működő kihelyezett rendelőit, a korai fejlesztő központot, ahol ismertették számára a központ felújítására és modernizálására összeállított terveket, majd a csíkszeredai megyeházán egyeztetett a megyei elöljárókkal.&nbsp;  A beszélgetésen összegezték a tárcavezető számára az egészségügyi fejlesztések terveit és a 2-es kategóriába való besorolás előnyeit. Mint ismeretes, a kórház július végén letette az ehhez szükséges igénylést.&nbsp;
